 is the thousands digit of 10501?
0
What is the hundreds digit of 4870?
8
What is the units digit of 36656?
6
What is the units digit of 9337?
7
What is the tens digit of 2146?
4
What is the tens digit of 111765?
6
What is the tens digit of 24909?
0
What is the tens digit of 1886?
8
What is the units digit of 348?
8
What is the tens digit of 5265?
6
What is the ten thousands digit of 96005?
9
What is the units digit of 104?
4
What is the thousands digit of 4433?
4
What is the tens digit of 569?
6
What is the ten thousands digit of 17024?
1
What is the ten thousands digit of 29267?
2
What is the units digit of 33283?
3
What is the ten thousands digit of 20390?
2
What is the thousands digit of 1634?
1
What is the ten thousands digit of 19618?
1
What is the tens digit of 12284?
8
What is the tens digit of 878?
7
What is the units digit of 255?
5
What is the hundreds digit of 20032?
0
What is the hundreds digit of 514?
5
What is the tens digit of 6064?
6
What is the tens digit of 18143?
4
What is the units digit of 9617?
7
What is the hundreds digit of 40911?
9
What is the ten thousands digit of 27405?
2
What is the units digit of 19226?
6
What is the thousands digit of 63085?
3
What is the hundreds digit of 49744?
7
What is the units digit of 12411?
1
What is the thousands digit of 1024?
1
What is the tens digit of 2375?
7
What is the hundreds digit of 2722?
7
What is the ten thousands digit of 10583?
1
What is the tens digit of 8872?
7
What is the thousands digit of 1326?
1
What is the thousands digit of 2140?
2
What is the units digit of 7990?
0
What is the hundreds digit of 1212?
2
What is the units digit of 76951?
1
What is the thousands digit of 2512?
2
What is the thousands digit of 5834?
5
What is the tens digit of 3073?
7
What is the thousands digit of 8002?
8
What is the hundreds digit of 1687?
6
What is the hundreds digit of 2406?
4
What is the tens digit of 3165?
6
What is the tens digit of 23226?
2
What is the units digit of 5955?
5
What is the units digit of 7996?
6
What is the thousands digit of 1807?
1
What is the tens digit of 753?
5
What is the units digit of 95668?
8
What is the units digit of 2051?
1
What is the hundreds digit of 2577?
5
What is the units digit of 10?
0
What is the thousands digit of 1123?
1
What is the tens digit of 121062?
6
What is the hundreds digit of 74776?
7
What is the units digit of 6904?
4
What is the hundreds digit of 8831?
8
What is the units digit of 624?
4
What is the units digit of 1859?
9
What is the tens digit of 98767?
6
What is the tens digit of 1182?
8
What is the tens digit of 3431?
3
What is the tens digit of 520?
2
What is the tens digit of 29930?
3
What is the hundreds digit of 82693?
6
What is the units digit of 99814?
4
What is the hundreds digit of 11143?
1
What is the units digit of 5565?
5
What is the ten thousands digit of 23717?
2
What is the thousands digit of 59761?
9
What is the hundreds digit of 109?
1
What is the thousands digit of 1543?
1
What is the hundreds digit of 7693?
6
What is the tens digit of 10846?
4
What is the ten thousands digit of 56013?
5
What is the tens digit of 1342?
4
What is the units digit of 1606?
6
What is the units digit of 5696?
6
What is the tens digit of 910?
1
What is the ten thousands digit of 20897?
2
What is the ten thousands digit of 37574?
3
What is the hundreds digit of 3641?
6
What is the tens digit of 230?
3
What is the hundreds digit of 69269?
2
What is the thousands digit of 4739?
4
What is the tens digit of 74342?
4
What is the tens digit of 1166?
6
What is the thousands digit of 47977?
7
What is the thousands digit of 8501?
8
What is the hundreds digit of 13923?
9
What is the tens digit of 1396?
9
What is the thousands digit of 9767?
9
What is the tens digit of 45?
4
What is the units digit of 1731?
1
What is the thousands digit of 5947?
5
What is the thousands digit of 4505?
4
What is the tens digit of 343?
4
What is the thousands digit of 1235?
1
What is the tens digit of 4813?
1
What is the units digit of 1648?
8
What is the ten thousands digit of 67268?
6
What is the tens digit of 1469?
6
What is the thousands digit of 26778?
6
What is the hundreds digit of 3947?
9
What is the thousands digit of 4415?
4
What is the thousands digit of 1824?
1
What is the units digit of 85304?
4
What is the hundreds digit of 24688?
6
What is the tens digit of 94?
9
What is the thousands digit of 1485?
1
What is the thousands digit of 48761?
8
What is the units digit of 9897?
7
What is the units digit of 4828?
8
What is the units digit of 4042?
2
What is the ten thousands digit of 12246?
1
What is the units digit of 82578?
8
What is the units digit of 5211?
1
What is the tens digit of 1069?
6
What is the units digit of 35096?
6
What is the hundreds digit of 3986?
9
What is the thousands digit of 12009?
2
What is the hundreds digit of 1820?
8
What is the thousands digit of 5003?
5
What is the thousands digit of 24718?
4
What is the units digit of 148?
8
What is the hundreds digit of 8332?
3
What is the tens digit of 12671?
7
What is the units digit of 3532?
2
What is the units digit of 53254?
4
What is the tens digit of 2811?
1
What is the tens digit of 1346?
4
What is the thousands digit of 62550?
2
What is the tens digit of 871?
7
What is the thousands digit of 61065?
1
What is the ten thousands digit of 60433?
6
What is the hundreds digit of 748?
7
What is the ten thousands digit of 18796?
1
What is the tens digit of 1832?
3
What is the tens digit of 103615?
1
What is the tens digit of 4088?
8
What is the units digit of 528?
8
What is the thousands digit of 5104?
5
What is the ten thousands digit of 18083?
1
What is the hundreds digit of 5549?
5
What is the ten thousands digit of 98392?
9
What is the thousands digit of 37722?
7
What is the hundreds digit of 4265?
2
What is the hundreds digit of 43416?
4
What is the hundreds digit of 49114?
1
What is the hundreds digit of 13740?
7
What is the hundreds digit of 1954?
9
What is the thousands digit of 53600?
3
What is the thousands digit of 3185?
3
What is the ten thousands digit of 62298?
6
What is the hundreds digit of 3290?
2
What is the hundred thousands digit of 106737?
1
What is the tens digit of 3549?
4
What is the tens digit of 116161?
6
What is the hundreds digit of 163?
1
What is the tens digit of 7779?
7
What is the tens digit of 7208?
0
What is the hundreds digit of 1343?
3
What is the hundreds digit of 342?
3
What is the tens digit of 1447?
4
What is the thousands digit of 79314?
9
What is the hundreds digit of 80445?
4
What is the thousands digit of 10360?
0
What is the ten thousands digit of 197354?
9
What is the units digit of 1949?
9
What is the tens digit of 5556?
5
What is the hundreds digit of 225?
2
What is the hundreds digit of 459?
4
What is the hundreds digit of 973?
9
What is the ten thousands digit of 38891?
3
What is the units digit of 1545?
5
What is the tens digit of 484?
8
What is the hundreds digit of 46736?
7
What is the hundreds digit of 4935?
9
What is the units digit of 837?
7
What is the tens digit of 6486?
8
What is the tens digit of 9993?
9
What is the thousands digit of 1758?
1
What is the units digit of 121?
1
What is the hundreds digit of 30437?
4
What is the tens digit of 22507?
0
What is the hundred thousands digit of 101278?
1
What is the tens digit of 590?
9
What is the tens digit of 125?
2
What is the units digit of 790?
0
What is the hundreds digit of 27379?
3
What is the tens digit of 2450?
5
What is the units digit of 753?
3
What is the units digit of 17244?
4
What is the units digit of 1893?
3
What is the hundreds digit of 1729?
7
What is the tens digit of 72931?
3
What is the units digit of 5470?
0
What is the hundreds digit of 40869?
8
What is the units digit of 2530?
0
What is the units digit of 807?
7
What is the thousands digit of 2870?
2
What is the tens digit of 5299?
9
What is the thousands digit of 11967?
1
What is the thousands digit of 3886?
3
What is the units digit of 36698?
8
What is the thousands digit of 1398?
1
What is the ten thousands digit of 48784?
4
What is the tens digit of 12038?
3
What is the units digit of 6572?
2
What is the hundreds digit of 10558?
5
What is the hundreds digit of 105?
1
What is the hundreds digit of 9797?